 be 0 + 4 + -6 + 10. Let k(m) = -m**2 + 5*m + 39. Let h be k(d). Calculate the greatest common divisor of h and 270.
15
Suppose -k + 3*k + 3*a = 8, -3*k + 31 = -5*a. Let b = -173 - -3239. Let i be b/49 + ((-27)/(-21))/3. Calculate the highest common factor of k and i.
7
Let d(w) = 7*w - 11. Let b be d(-10). Let l = b + 87. What is the greatest common divisor of l and 66?
6
Suppose -4*z + 89 = 3*q, -3*q + 5*q + z - 56 = 0. Let h = -45 + 66. Suppose 0 = 25*b - h*b - 540. What is the highest common divisor of q and b?
27
Let m(x) = -14*x**2 + 8*x - 4. Let k be m(5). Let c = -160 - k. Calculate the greatest common divisor of 22 and c.
22
Let j = 1783 + -1596. What is the highest common divisor of j and 493?
17
Suppose 4*f - 2*t = -0*t + 276, 2*f = 2*t + 136. Suppose -91*j + 93*j = f. Calculate the greatest common divisor of 5 and j.
5
Suppose 2*y = 14 + 64. Let v be 210/16 + (-28)/224. Calculate the highest common divisor of y and v.
13
Let o(n) = -n**2 + 9*n - 4. Let q be o(8). Suppose 2*f + 3*u - 133 = 2*u, q*u = -20. What is the highest common divisor of f and 23?
23
Let m(j) = j + 0*j + j - j. Let d(t) = -5*t + 6. Let u(r) = d(r) + 6*m(r). Let p be u(-5). What is the greatest common factor of p and 1?
1
Let j(b) = b**3 + 9*b**2 - 3*b - 14. Let h be j(6). Suppose 5*a - 42 = h. Calculate the greatest common factor of a and 11.
11
Let u(x) = -x**3 - 56*x**2 - 56*x + 169. Let n be u(-55). What is the highest common factor of 32 and n?
32
Suppose -2*d + 3*a - 6*a - 12 = 0, 0 = d + a + 4. Let t be 8 + -4 + (0 - d). What is the highest common divisor of t and 10?
2
Let p(n) = n**3 - 45*n**2 + 429*n - 131. Let v be p(13). Let m(q) = -q - 3. Let b be m(-5). What is the highest common divisor of b and v?
2
Let o(s) = -s + 1. Let i be o(-3). Let v be i/(-14) - (-172)/14. Suppose 5*h = h + 144. Calculate the highest common factor of h and v.
12
Let u = 5 - 37. Let v = u + 74. Calculate the greatest common divisor of v and 14.
14
Let g be (0 + 11)/((-1)/(-23)). Let q(m) = -m**2 - 13*m - 7. Let j be q(-10). What is the highest common divisor of j and g?
23
Let d be ((-90)/25)/(0 - (-2)/(-60)). Calculate the highest common factor of d and 192.
12
Let k = 274 - 266. Suppose -154 + 58 = -3*i. What is the highest common divisor of k and i?
8
Suppose 0 = -0*f + 3*f - 78. Let u be (-4)/14 - 4/(-14). Suppose u = 2*m - 101 + 23. What is the greatest common divisor of m and f?
13
Suppose 0 = -v + 4 + 2. Let t be 124 - 65/(-52)*-8. Calculate the greatest common divisor of t and v.
6
Let w = -636 + 722. What is the highest common divisor of 258 and w?
86
Let j be 2/(-6) - (-32)/6. Suppose -j*y + 157 - 67 = 0. Let x = 573 + -375. Calculate the greatest common factor of x and y.
18
Suppose -20*y + 186 = -34. Calculate the highest common divisor of 17 and y.
1
Let m(j) = j**2 - 8*j + 24. Let h be m(8). Calculate the highest common divisor of 32 and h.
8
Let m = 624 - 582. Calculate the highest common factor of m and 24.
6
Let a = 66 + -53. Calculate the highest common factor of 286 and a.
13
Let n(y) = 40*y - 138. Let i be n(12). Calculate the greatest common divisor of 38 and i.
38
Let j = -24 + 16. Let d = j + 19. Let q be (-9)/6 + d/2. What is the highest common factor of q and 12?
4
Suppose 4*v - 5*t + 2 - 3 = 0, 3*t - 25 = -4*v. Suppose -2*o + v = -8. What is the greatest common factor of 66 and o?
6
Suppose -t - 4*n + 0 = 2, -n - 60 = -4*t. Suppose 17*w + 16 - 1444 = 0. Calculate the highest common factor of t and w.
14
Let l = 350 + -290. Calculate the greatest common factor of l and 516.
12
Let w be ((-41)/(-123))/(2/12). What is the greatest common divisor of 114 and w?
2
Let z be (156/390)/((-3)/(-7650)*1). Calculate the greatest common factor of z and 10.
10
Let t(s) = 3*s + 88. Let p be t(-20). Calculate the greatest common divisor of p and 8.
4
Suppose -2*h - m = -270, 3*h + 19*m = 18*m + 404. Calculate the greatest common factor of 2 and h.
2
Let w be (-1 - 712/(-56)) + (-4)/(-14). What is the highest common factor of w and 32?
4
Suppose -7 - 6 = -d - 3*m, 4*m = 4. Suppose 224 = 3*b - 5*y - 51, -b = -y - 91. What is the greatest common factor of d and b?
10
Suppose 0 = 54*s - 39*s - 120. What is the greatest common factor of 4 and s?
4
Let x be (71 - 9) + 4/1. Calculate the highest common factor of 6 and x.
6
Let y = -557 - -582. What is the greatest common divisor of 325 and y?
25
Suppose y = -3*o - 13, 5*y - 4*o - 5 = -5*o. Suppose -10 + y = -x. What is the greatest common divisor of 4 and x?
4
Let o(j) be the first derivative of j**3/3 - j**2/2 - 4*j - 8. Let r be o(4). Suppose -3*n = -n - r. Calculate the highest common factor of n and 1.
1
Suppose 105 + 5 = y - 2*z, 305 = 3*y - z. What is the greatest common factor of y and 60?
20
Let i(y) = -y**3 - y**2 - y + 1. Let s be i(0). Let g = -69 + 61. Let c(w) = 4*w + 33. Let h be c(g). What is the highest common divisor of s and h?
1
Let h(w) = w**3 + 11*w**2 - 11*w - 128. Let i be h(-10). Calculate the highest common factor of 246 and i.
82
Let x(r) = -2*r. Let c be x(-2). Let w = c + 0. Suppose 57*n = 49*n + 80. Calculate the highest common factor of w and n.
2
Let l(j) = j**2 - 15*j - 16. Let i be l(19). Let g = i + -46. What is the greatest common factor of g and 14?
14
Let q = -3669 + 3705. Let t be (-3 - -2)*-3 + 0. Suppose -5*x - 134 = -t*f + 156, -4*x + 74 = f. What is the greatest common divisor of q and f?
18
Suppose -12*p + c - 69 = -14*p, -5*p = -5*c - 195. Suppose -10 = 8*n - 3*n. Let a = 10 - n. Calculate the highest common divisor of a and p.
12
Let s be 1 + -2 - (-6 - 1). Let x(m) = -m**2 + 6*m - 4. Let a be x(s). Let z = a - -25. Calculate the greatest common divisor of 147 and z.
21
Suppose -2*c + 8 = 3*a, -c + 1 = -a + 4*a. Let v be ((-8)/6)/(8 + 169/(-21)). Calculate the greatest common factor of c and v.
7
Suppose 2 + 4 = -3*j. Let f be ((-200)/5)/4*j. Suppose -u = -6*q + 2*q - 152, 790 = 5*u - 5*q. Calculate the highest common divisor of u and f.
20
Suppose 6*b - 499 - 41 = 0. Suppose f + j = 58, -2*f - 3*j = -b - 31. Calculate the highest common factor of f and 106.
53
Suppose 4*h = -35*h + 390. What is the greatest common factor of 1670 and h?
10
Suppose 5*i - 275 = -15. Calculate the greatest common divisor of i and 494.
26
Let p(h) = 99*h - 30. Let t be p(9). What is the highest common divisor of 21 and t?
21
Suppose 0 = -5*j + 54 + 6. Suppose -3*x + 2*q = -0*x + 9, 4*x - 5*q = -j. Let u be 3/(x*(-4)/504). What is the highest common factor of 14 and u?
14
Suppose 0 = d + 5*s + 4, -d - 3*s = 4*d + 42. Let g = -10 - d. Let b be 1 + 96 + (2 - g). Calculate the greatest common divisor of 25 and b.
25
Suppose 0*d - 3*s = -4*d + 395, 5*s = -d + 93. Let r = -92 + 106. Calculate the greatest common divisor of r and d.
14
Suppose -2*j - j = -54. Suppose -r - 25 = -5*l - 87, 2*r - l = 160. Let i be -2 + (2*r)/1. What is the greatest common divisor of i and j?
18
Let w = 38 + 105. What is the highest common factor of 33 and w?
11
Let v(s) = s**3 - 17*s**2 - s + 19. Let w be v(17). Let p = 2 - -2. Suppose 19 = r - 2*t - 2*t, p*t + 16 = 0. What is the greatest common factor of r and w?
1
Let r(s) = -3*s + 21. Let t be r(-6). Calculate the greatest common factor of 39 and t.
39
Let r(f) = -32*f + 265. Let y be r(8). What is the highest common factor of y and 27?
9
Let u = -125 + 4. Let z = -21 - u. Let y(l) = 5*l. Let p be y(2). Calculate the greatest common divisor of z and p.
10
Suppose -49*v - 9 = -58*v, -i + 2*v + 11 = 0. Let k(l) = -19*l - 4. Let r = 0 - 5. Let w be k(r). Calculate the greatest common divisor of w and i.
13
Let a(r) = -r**3 - 12*r**2 - r - 16. Let z be a(-12). Let l(m) = -m**3 + 2. Let u be l(z). Let t = -3 + 9. Calculate the greatest common divisor of u and t.
6
Suppose -19*r = -4*p - 16*r + 3587, -5*p - 2*r + 4501 = 0. What is the greatest common factor of p and 29?
29
Suppose -4*v + 15 = 3. Let l = 62 - 72. Let d = v - l. Calculate the highest common factor of d and 91.
13
Let w(k) = -2*k**2 + 103*k - 49. Let x be w(51). What is the greatest common factor of 7 and x?
1
Let i(u) be the first derivative of -48*u**2 + 9*u + 9. Let b be i(-3). What is the highest common factor of b and 27?
27
Suppose 0 = a + u - 9, -4*a = u - 0 - 30. Suppose 0 = -a*w + 13*w - 120. Calcu